{"id":243,"date":"2022-04-21T19:46:25","date_gmt":"2022-04-21T17:46:25","guid":{"rendered":"http:\/\/swingcraze.pl\/naprawzdrowie\/?page_id=243"},"modified":"2022-04-21T19:46:26","modified_gmt":"2022-04-21T17:46:26","slug":"o-nas","status":"publish","type":"page","link":"https:\/\/swingcraze.pl\/naprawzdrowie\/o-nas\/","title":{"rendered":"O nas"},"content":{"rendered":"\n<p>Mo\u017cemy \u015bmia\u0142o nazwa\u0107 si\u0119 Centrum Zdrowia.<\/p>\n\n\n\n<p>Napraw Zdrowie to obecnie dw\u00f3ch fizjoterapeut\u00f3w, dw\u00f3ch dietetyk\u00f3w, dw\u00f3ch trener\u00f3w i psychoterapeutka. Wsp\u00f3\u0142pracujemy w ramach potrzeby \u015bci\u015ble tak\u017ce z lekarzami r\u00f3\u017cnych specjalizacji. Jeste\u015bmy otwarci na nowe wyzwania i owocne wsp\u00f3\u0142prace ze specjalistami.\u00a0<\/p>\n\n\n\n<p>Pracuj\u0105c w du\u017cych klubach fitness widzieli\u015bmy jak wiele os\u00f3b ma dobre ch\u0119ci by zmieni\u0107 sw\u00f3j styl \u017cycia. Czy te ch\u0119ci wystarcz\u0105? Ot\u00f3\u017c nie! Potrzebna jest wiedza i systematyczne wdra\u017canie sprawdzonych metod w \u017cycie. Najlepszym rozwi\u0105zaniem tego problemu jest trening personalny. Czy to redukcja masy cia\u0142a, czy to rehabilitacja czy te\u017c trening kulturystyczny \u2013 niezale\u017cnie ka\u017cdy \u0107wicz\u0105cy potrzebuje fachowej rady i opieki. Naszym priorytetem zawsze b\u0119dzie zdrowie i w tym nurcie pracujemy z Wami.&nbsp;<\/p>\n\n\n\n<p><em>\u201eDobra, ale dlaczego mam przyjecha\u0107 do Was a nie um\u00f3wi\u0107 si\u0119 na trening w du\u017cym klubie?\u201d<\/em><\/p>\n\n\n\n<p><strong>Jest kilka powod\u00f3w.<\/strong><\/p>\n\n\n\n<p><strong>Finanse <\/strong>\u2013 u nas nie op\u0142acasz \u017cadnych karnet\u00f3w, p\u0142acisz tylko za us\u0142ugi.<\/p>\n\n\n\n<p><strong>Prywatno\u015b\u0107 <\/strong>\u2013 wierzymy, \u017ce dla wielu z Was wyj\u015bcie na \u0107wiczenia to batalia i samo przyj\u015bcie na trening wi\u0105\u017c\u0119 si\u0119 z wyrzeczeniami i siln\u0105 wol\u0105. Dlatego u nas mo\u017cesz by\u0107 jeden na jeden z trenerem. Bez gapi\u00f3w, bez dyskotekowej muzyki (chyba , \u017ce chcesz) i bez kr\u0119pacji!<\/p>\n\n\n\n<p><strong>Bezpiecze\u0144stwo <\/strong>\u2013 w dobie pandemii u nas jeste\u015b bezpieczny. Przez indywidualne podej\u015bcie redukujemy ryzyko do minimum. Jednocze\u015bnie starannie dbamy o czysto\u015b\u0107 i dezynfekcje.<\/p>\n\n\n\n<p><strong>Efektywno\u015b\u0107 <\/strong>\u2013 100 procent uwagi po\u015bwi\u0119camy Tobie. Wsp\u00f3lnie ustalamy realne cele i do nich d\u0105\u017cymy.<\/p>\n\n\n\n<p><strong>Metodyka poparta nauk\u0105<\/strong> \u2013 jeste\u015bmy wykszta\u0142ceni \u2013 dietetyka, fizjoterapia, medycyna i liczne kursy po\u015bwi\u0119cone aspektom zwi\u0105zanym z treningiem czyni\u0105 z nas narz\u0119dzia Twojego sukcesu.<\/p>\n\n\n\n<p><strong>Do\u015bwiadczenie <\/strong>\u2013 blisko 11 lat pracy z lud\u017ami w klubach i na treningach typu outdoor.<\/p>\n\n\n\n<p><strong>Atmosfera <\/strong>\u2013 pe\u0142na swoboda w kreowaniu atmosfery treningowej le\u017cy w Twoim zasi\u0119gu. Chcesz ciszy- masz cisz\u0119\u2026 chcesz si\u0119 wy\u017cy\u0107, krzycze\u0107? \u2013 krzycz! Chcesz si\u0119 wygada\u0107 dbaj\u0105c o swoj\u0105 form\u0119 \u2013 dawaj!<\/p>\n\n\n\n<p><strong>Nie zwlekaj ju\u017c teraz zadzwo\u0144 lub napisz i daj nam si\u0119 Tob\u0105 zaopiekowa\u0107!<\/strong><\/p>\n\n\n\n<p>Dysponujemy tak\u017ce przestrzeni\u0105 na szkolenia dla bran\u017cy medycznej oraz powierzchni\u0105 pod prowadzenie regularnych zaj\u0119\u0107 ze sztuk walki czy ta\u0144ca. Wszystkich serdecznie zapraszamy do kontaktu<\/p>\n","protected":false},"excerpt":{"rendered":"<p>Mo\u017cemy \u015bmia\u0142o nazwa\u0107 si\u0119 Centrum Zdrowia. Napraw Zdrowie to obecnie dw\u00f3ch fizjoterapeut\u00f3w, dw\u00f3ch dietetyk\u00f3w, dw\u00f3ch trener\u00f3w i psychoterapeutka. Wsp\u00f3\u0142pracujemy w ramach potrzeby \u015bci\u015ble tak\u017ce z lekarzami r\u00f3\u017cnych specjalizacji. Jeste\u015bmy otwarci na nowe wyzwania i owocne wsp\u00f3\u0142prace ze specjalistami.\u00a0 Pracuj\u0105c w du\u017cych klubach fitness widzieli\u015bmy jak wiele os\u00f3b ma dobre ch\u0119ci by zmieni\u0107 sw\u00f3j styl \u017cycia. [&hellip;]<\/p>\n","protected":false},"author":1,"featured_media":146,"parent":0,"menu_order":0,"comment_status":"closed","ping_status":"closed","template":"","meta":{"footnotes":""},"class_list":["post-243","page","type-page","status-publish","has-post-thumbnail","hentry"],"_links":{"self":[{"href":"https:\/\/swingcraze.pl\/naprawzdrowie\/wp-json\/wp\/v2\/pages\/243","targetHints":{"allow":["GET"]}}],"collection":[{"href":"https:\/\/swingcraze.pl\/naprawzdrowie\/wp-json\/wp\/v2\/pages"}],"about":[{"href":"https:\/\/swingcraze.pl\/naprawzdrowie\/wp-json\/wp\/v2\/types\/page"}],"author":[{"embeddable":true,"href":"https:\/\/swingcraze.pl\/naprawzdrowie\/wp-json\/wp\/v2\/users\/1"}],"replies":[{"embeddable":true,"href":"https:\/\/swingcraze.pl\/naprawzdrowie\/wp-json\/wp\/v2\/comments?post=243"}],"version-history":[{"count":1,"href":"https:\/\/swingcraze.pl\/naprawzdrowie\/wp-json\/wp\/v2\/pages\/243\/revisions"}],"predecessor-version":[{"id":244,"href":"https:\/\/swingcraze.pl\/naprawzdrowie\/wp-json\/wp\/v2\/pages\/243\/revisions\/244"}],"wp:featuredmedia":[{"embeddable":true,"href":"https:\/\/swingcraze.pl\/naprawzdrowie\/wp-json\/wp\/v2\/media\/146"}],"wp:attachment":[{"href":"https:\/\/swingcraze.pl\/naprawzdrowie\/wp-json\/wp\/v2\/media?parent=243"}],"curies":[{"name":"wp","href":"https:\/\/api.w.org\/{rel}","templated":true}]}}